{"id":374,"date":"2021-10-21T15:44:07","date_gmt":"2021-10-21T15:44:07","guid":{"rendered":"http:\/\/demo.zerbilisim.com\/alba\/?page_id=374"},"modified":"2021-12-21T11:30:23","modified_gmt":"2021-12-21T11:30:23","slug":"iletisim","status":"publish","type":"page","link":"http:\/\/demo.zerbilisim.com\/alba\/iletisim\/","title":{"rendered":"\u0130leti\u015fim"},"content":{"rendered":"<div class=\"vce-row-container\" data-vce-boxed-width=\"true\"><div class=\"vce-row vce-row--col-gap-30 vce-row-equal-height vce-row-content--top\" id=\"el-d06f4808\" data-vce-do-apply=\"all el-d06f4808\"><div class=\"vce-row-content\" data-vce-element-content=\"true\"><div class=\"vce-col vce-col--md-auto vce-col--xs-1 vce-col--xs-last vce-col--xs-first vce-col--sm-last vce-col--sm-first vce-col--md-last vce-col--lg-last vce-col--xl-last vce-col--md-first vce-col--lg-first vce-col--xl-first\" id=\"el-4fef3595\"><div class=\"vce-col-inner\" data-vce-do-apply=\"border margin background  el-4fef3595\"><div class=\"vce-col-content\" data-vce-element-content=\"true\" data-vce-do-apply=\"padding el-4fef3595\"><div class=\"vce vce-separator-with-title-container vce-separator-with-title--align-center\" id=\"el-bb61013c\" data-vce-do-apply=\"margin el-bb61013c\"><div class=\"vce-separator-with-title vce-separator-with-title--color-bfc0c1 vce-separator-with-title--width-60\" data-vce-do-apply=\"border padding background  el-bb61013c\"><div class=\"vce-separator-with-title--line vce-separator-with-title--line--style-solid vce-separator-with-title-line--thickness-1 vce-separator-with-title--line-left\"><\/div><h3 class=\"vce-separator-with-title--title vce-separator-with-title--title--color-b-0-0-0\">FAKT\u00d6R YAPI<\/h3><div class=\"vce-separator-with-title--line vce-separator-with-title--line--style-solid vce-separator-with-title-line--thickness-1 vce-separator-with-title--line-right\"><\/div><\/div><\/div><div class=\"vce-google-maps vce-google-maps--align-left\"><div class=\"vce-google-maps-wrapper vce vce-google-maps-proportional\" id=\"el-0eb36912\" data-vce-do-apply=\"all el-0eb36912\" style=\"width: 1920px; height: auto;\"><div class=\"vce-google-maps-inner\" style=\"padding-bottom: 37.5%;\"><iframe src=\"https:\/\/www.google.com\/maps\/embed?pb=!1m18!1m12!1m3!1d96267.91135385267!2d28.792939736215544!3d41.06085549734996!2m3!1f0!2f0!3f0!3m2!1i1024!2i768!4f13.1!3m3!1m2!1s0x14caaf69f39288a9%3A0x2ee92ba8df5d336c!2sFaktor%20Yap%C4%B1%20Taahh%C3%BCt%20Ticaret%20Limited%20%C5%9Eirketi!5e0!3m2!1str!2str!4v1639982023986!5m2!1str!2str\" width=\"1920\" height=\"720\" style=\"border: 0px; pointer-events: none;\" allowfullscreen=\"\" loading=\"lazy\"><\/iframe><\/div><\/div><\/div><\/div><\/div><\/div><\/div><\/div><\/div><div class=\"vce-row-container\" data-vce-boxed-width=\"true\"><div class=\"vce-row vce-row--col-gap-30 vce-row-equal-height vce-row-content--top\" id=\"el-b3aabf96\" data-vce-do-apply=\"all el-b3aabf96\"><div class=\"vce-row-content\" data-vce-element-content=\"true\"><div class=\"vce-col vce-col--md-auto vce-col--xs-1 vce-col--xs-last vce-col--xs-first vce-col--sm-last vce-col--sm-first vce-col--md-first vce-col--lg-first vce-col--xl-first\" id=\"el-fcd7eecb\"><div class=\"vce-col-inner\" data-vce-do-apply=\"border margin background  el-fcd7eecb\"><div class=\"vce-col-content\" data-vce-element-content=\"true\" data-vce-do-apply=\"padding el-fcd7eecb\"><div class=\"vce-text-block\"><div class=\"vce-text-block-wrapper vce\" id=\"el-7bf93182\" data-vce-do-apply=\"all el-7bf93182\"><h5>Fakt\u00f6r Yap\u0131 Taahh\u00fct Tic. Ltd. \u015eti.<\/h5><p>OSB Mah. H\u00fcrriyet Bulvar\u0131 No:66 \u0130kitelli<\/p><p>Ba\u015fak\u015fehir\/\u0130stanbul<\/p><p>0 (212) 424 04 21<\/p><p>0 (212) 426 36 76<\/p><\/div><\/div><\/div><\/div><\/div><div class=\"vce-col vce-col--md-auto vce-col--xs-1 vce-col--xs-last vce-col--xs-first vce-col--sm-last vce-col--sm-first vce-col--md-last vce-col--lg-last vce-col--xl-last\" id=\"el-6aa92966\"><div class=\"vce-col-inner\" data-vce-do-apply=\"border margin background  el-6aa92966\"><div class=\"vce-col-content\" data-vce-element-content=\"true\" data-vce-do-apply=\"padding el-6aa92966\"><\/div><\/div><\/div><\/div><\/div><\/div><div class=\"vce-row-container\" data-vce-boxed-width=\"true\"><div class=\"vce-row vce-row--col-gap-30 vce-row-equal-height vce-row-content--top\" id=\"el-02087eb2\" data-vce-do-apply=\"all el-02087eb2\"><div class=\"vce-row-content\" data-vce-element-content=\"true\"><\/div><\/div><\/div>\n","protected":false},"excerpt":{"rendered":"<p>FAKT\u00d6R YAPIFakt\u00f6r Yap\u0131 Taahh\u00fct Tic. Ltd. \u015eti.OSB Mah. H\u00fcrriyet Bulvar\u0131 No:66 \u0130kitelliBa\u015fak\u015fehir\/\u0130stanbul0 (212) 424 04 210 (212) 426 36 76<\/p>\n","protected":false},"author":1,"featured_media":0,"parent":0,"menu_order":0,"comment_status":"closed","ping_status":"closed","template":"","meta":[],"_links":{"self":[{"href":"http:\/\/demo.zerbilisim.com\/alba\/wp-json\/wp\/v2\/pages\/374"}],"collection":[{"href":"http:\/\/demo.zerbilisim.com\/alba\/wp-json\/wp\/v2\/pages"}],"about":[{"href":"http:\/\/demo.zerbilisim.com\/alba\/wp-json\/wp\/v2\/types\/page"}],"author":[{"embeddable":true,"href":"http:\/\/demo.zerbilisim.com\/alba\/wp-json\/wp\/v2\/users\/1"}],"replies":[{"embeddable":true,"href":"http:\/\/demo.zerbilisim.com\/alba\/wp-json\/wp\/v2\/comments?post=374"}],"version-history":[{"count":6,"href":"http:\/\/demo.zerbilisim.com\/alba\/wp-json\/wp\/v2\/pages\/374\/revisions"}],"predecessor-version":[{"id":646,"href":"http:\/\/demo.zerbilisim.com\/alba\/wp-json\/wp\/v2\/pages\/374\/revisions\/646"}],"wp:attachment":[{"href":"http:\/\/demo.zerbilisim.com\/alba\/wp-json\/wp\/v2\/media?parent=374"}],"curies":[{"name":"wp","href":"https:\/\/api.w.org\/{rel}","templated":true}]}}